68 + -65. Let p(u) = -u**3 - u + 2 + 1 - 2*u + 3*u**2. What is p(i)?
-6
Let l(v) = -82 - 2*v**2 + 3*v**2 + 82 - 409*v + 411*v. Give l(-6).
24
Let o(c) = -c**3 - 6*c**2 - c + 4. Let y(p) be the first derivative of 3*p**4/4 + 19*p**3/3 + 2*p**2 - 12*p + 10. Let i(l) = -7*o(l) - 2*y(l). Give i(-4).
0
Let y(g) = -20*g**2 - 53*g - 36. Let f(i) = 5*i**2 + 13*i + 9. Let r(s) = 9*f(s) + 2*y(s). Let j(v) = 2*v**2 + 5*v + 4. Let z(d) = -9*j(d) + 4*r(d). Give z(2).
6
Let z = 3 - 2. Let s(l) be the first derivative of -l**3/3 - l**2/2 - 555. Calculate s(z).
-2
Let c(b) = -b**2 + 7*b - b + 4 + 3 - b**3 - 2*b. Let l(k) = k. Let z(t) = -c(t) + 4*l(t). Give z(0).
-7
Let o(v) be the first derivative of v**5/60 + v**4/24 - v**3/6 - 5*v**2 + 10. Let c(d) be the second derivative of o(d). What is c(1)?
1
Let o(b) be the third derivative of -b**5/60 - 7*b**4/24 + b**3/2 - 92*b**2. Give o(-8).
-5
Suppose -6*j = 2*f - j - 20, 0 = 2*j - 8. Suppose f = 7*l - 5*l. Let b(x) = -2*x. Let y(n) = -n - 1. Let d(m) = -2*b(m) + 3*y(m). Give d(l).
-3
Suppose -3*h + 1 = 5*b, 2 = -h - 7*b + 13. Let n(f) = 6*f**2 + 4*f + 2. Calculate n(h).
44
Let x = -16 + 4. Let c = -10 - x. Let l(f) = 2 - 6 + c + f. Calculate l(4).
2
Suppose 0 = -5*g - 18 - 17. Let o(v) be the first derivative of -v**3/3 - 3*v**2 + 3*v - 4. Determine o(g).
-4
Let b(d) be the second derivative of d**4/3 + d**3/2 + d**2/2 - 22*d. Let x be b(-1). Let r(m) = m**2 + 0*m - 3*m + m. Give r(x).
0
Suppose g = -g + 4*j - 18, -6 = -3*g - 5*j. Let f be (-190)/(-2)*8/5. Let x(y) = 0*y + y**2 - 151 + 5*y + f. Calculate x(g).
-5
Let u(q) = -q + 6. Let x be 5/((-2)/8 + 1/6). Let t = -55 - x. Calculate u(t).
1
Let i(s) be the third derivative of 0 + 6*s**2 + 7/24*s**4 + 0*s - s**3 + 1/60*s**5. Let z = -14 + 7. Give i(z).
-6
Let b(z) = z**3 + 5*z**2 + z + 1. Let j(k) = -2*k**2 - 5*k + 15. Let l be j(2). Give b(l).
16
Let k(x) = -5*x - 16. Let p be k(-6). Suppose 4*t - 2*t + p = 0. Let h(n) = n**3 + 7*n**2 - 3. Determine h(t).
-3
Let j(p) = 7*p**2 + 6*p + 11. Let d(w) = w**2 + 2*w + 1. Let s(u) = -6*d(u) + j(u). Determine s(7).
12
Suppose 8 = -13*t + 47. Let z(d) = 2*d - 8. Let m(c) = -1. Let i(w) = t*m(w) - z(w). What is i(-8)?
21
Let u(x) = 11*x. Let l be 84/35 - 4/10. Suppose 0 = 5*s - 4*c + 11, -s - c + 3 = -l*s. What is u(s)?
11
Let c(z) = -z**3 - z**2 + z - 1. Let h = 23 - 20. Let s(a) = 46*a**3 - 3*a + 4*a**2 - 3*a**2 - 47*a**h. Let x be s(0). What is c(x)?
-1
Let b(h) be the first derivative of h**4/4 - h**3/3 - h**2/2 + 13*h - 461. Suppose d + 1 = 13. Suppose -2*a = -7*a + 3*c - d, a - 4*c + 16 = 0. What is b(a)?
13
Let c(m) = -11*m**2 + 5*m**2 + 6 + 7*m + 5*m**2. Let x(g) = -6*g**3 + 2*g**2 - 1. Let n be x(-1). Give c(n).
6
Let u(j) = -j**3 + 2*j - 1. Let c = -10 - -13. Suppose b = -c*v - 0 - 3, v = -b + 1. Suppose 5*p = -4*s + 4, -2*s + 1 = -s - b*p. What is u(s)?
0
Let n(h) be the third derivative of -h**4/8 - 7*h**3/6 + 2*h**2 + 37. What is n(-9)?
20
Let k(v) = -79*v + 24*v + 25*v + 2*v**3 + 7 - v**3 - 3*v**2 + 32*v. Determine k(4).
31
Let x(f) = -8*f + 0*f**3 + 7*f**2 - 33 - f**3 + 78 - 39. Suppose 3*c - 7 = 11. What is x(c)?
-6
Let y(l) = -5*l - 1. Suppose 6*h + 48 = 54. What is y(h)?
-6
Let p(u) = u**3 - 1. Let o be p(-1). Let n(w) be the third derivative of w**4/4 + 10*w**2. Give n(o).
-12
Let w(y) be the first derivative of -3*y**2/2 + y - 11. What is w(5)?
-14
Let u(p) = p**3 + 32*p**2 + 31*p + 9. Let h be (-1)/(-5) + 156/(-5). Let t be u(h). Let b(l) = -l + 13. What is b(t)?
4
Let y(j) = 781*j - 1561*j + 5 + 778*j. Give y(0).
5
Let v = 3 + -1. Let m = v + -7. Let g(j) be the third derivative of j**6/120 + j**5/10 + j**4/4 + 9*j**2. What is g(m)?
-5
Let j(u) = -u**2 + u + 2. Let h be j(2). Let m(x) be the third derivative of 1/2*x**3 + 1/24*x**4 - 2*x**2 + 0 + 0*x. What is m(h)?
3
Let x(y) be the second derivative of -y**4/12 - 7*y**3/3 + 3*y**2/2 - 4*y. Let w be x(-14). Let k(j) = 4*j**2 - j - j**3 + 1 - j**2 + 2*j**w. Give k(-4).
-11
Let m(s) = -s**3 + s**2 + 2*s - 1. Let d be m(-2). Let z(h) = -13*h + 8. Let u(k) = 105*k - 58. Let b(a) = -u(a) - 8*z(a). What is b(d)?
-13
Suppose 2*t - w - w = 12, -5*t + w + 38 = 0. Suppose -2*x = 2*x + t. Let q(u) = -1 - 3 + 2*u + 3. What is q(x)?
-5
Let r(m) = -11*m**2 - 7*m + 2. Let d(j) = 2*j**2 - 2*j - 1. Let k(n) = -5*d(n) - r(n). Determine k(-17).
3
Let g(c) be the third derivative of -c**7/840 + c**6/180 + c**5/120 - c**4/24 - 3*c**3/2 - 18*c**2. Let k(d) be the first derivative of g(d). Calculate k(2).
1
Let s(r) be the third derivative of -r**7/840 + r**6/72 - r**5/30 + r**4/24 + 29*r**3/6 - 17*r**2. Let u(w) be the first derivative of s(w). What is u(4)?
1
Let m(u) = -13*u**2 + 33*u**2 - 6*u + 4*u + u - 5*u**2. What is m(1)?
14
Let j(h) = h**2 + h + 3. Let r(s) = -2*s**3 - 2*s**2 + 1. Suppose 0*u = -5*u - 5. Let p be r(u). Let d be 0/2*p/(-2). Determine j(d).
3
Let q(y) = -5*y**2 + 6*y**2 - 25*y - 7 + 21 + 12*y. What is q(10)?
-16
Let d(k) = -k**3 + 8*k**2 - 4*k + 6. Suppose -3*f + 321 = -45. Let g = 130 - f. Determine d(g).
-26
Suppose -41*z - 754 = 25. Let w(o) = o**3 + 19*o**2 - o - 10. What is w(z)?
9
Let c(f) = f + 1. Suppose 6*i - 338 = -140. Let p be (-258)/i + (-10)/55. Give c(p).
-7
Let v(k) = 6*k**2 - k + 7*k**2 - 14*k**2 + 0*k. Give v(1).
-2
Let c(l) = -3*l + 77. Let o be 3 + (9/(-1) - -32). Give c(o).
-1
Let o(m) = m + 4. Let d = -20 - -35. Suppose 5*g + d = 0, -13 = -2*w - 5*g - 0. Suppose 3*t + 14 = -s, -t + 5*s - w = -2*t. Calculate o(t).
-2
Suppose 3*a - 32 = -5. Let l be (0 - -1) + -6 + a. Let d(j) = -l*j - j + 13 + 6*j. Determine d(-6).
7
Suppose -3*t + 45 = -0*t. Suppose -3*w + 0 - t = 0. Let g(q) be the second derivative of -q**4/12 - 2*q**3/3 + 7*q**2/2 - 2*q - 15. Determine g(w).
2
Let h(b) = 8*b + 2. Let i(x) = -7*x - 3. Let z(q) = 4*h(q) + 5*i(q). Give z(5).
-22
Suppose -2*n = -5*y + 19, y + 3*y - 39 = 5*n. Let w be 28/49 + (-17)/n. Suppose 0*q + 10 = w*h + 5*q, -3*q + 2 = h. Let i(l) = 2*l - 4. Determine i(h).
6
Suppose 0 = -3*q + 3*o - 18, -4*q - 14 = -5*q + 5*o. Let v(k) = -k**2 - 9*k + 8. What is v(q)?
-14
Let l(y) = 2*y - 18*y + 13*y. Calculate l(-6).
18
Let g(a) = -13*a - 3. Let x(z) = 25*z + 6. Suppose -9*k = -11*k + 22. Let t(i) = k*g(i) + 6*x(i). Determine t(-4).
-25
Let d(z) = -4*z**2 - 6*z + 6. Let l(n) = n**2 - n - 1. Let v(h) = d(h) + 3*l(h). Suppose -21 = 2*a + a. Determine v(a).
17
Let r(a) = -a + 6. Let y(w) = 9*w + 97. Let q be y(-10). Determine r(q).
-1
Let d(v) = 1. Let j(s) = s - 2. Let q(u) = -2*d(u) - j(u). Suppose -2*i - 12 = i. Give q(i).
4
Let v(b) be the first derivative of -b**3/3 + 5*b**2/2 + 70. Give v(6).
-6
Let s(x) be the third derivative of x**6/120 + 7*x**5/60 + x**4/3 + 7*x**3/6 - x**2 + 13*x. Calculate s(-6).
-5
Let s(k) = 83 - k**3 + 35 + 2*k**2 + 4*k - 123. Calculate s(2).
3
Let f(j) = -j - 1. Let v(g) = -8*g - 14. Let q(z) = 6*f(z) - v(z). Suppose 4*y = 2*y + 46. Suppose -5*h + 4*k - y = k, -3*k - 40 = 4*h. What is q(h)?
-6
Let v be (24/14)/(603/2814). Let j(a) = -a**2 - 5*a + 104. What is j(v)?
0
Let h(k) = -k**3 - 4*k**2 + 4*k + 3. Let q(p) be the third derivative of p**4/4 + p**3/6 + 14*p**2. Let w be q(-1). Calculate h(w).
8
Let k(b) be the third derivative of -b**6/120 - 3*b**5/20 + 13*b**4/24 + 3*b**3 - 29*b**2. Determine k(-10).
-12
Let b(t) = -2*t**2 + 2*t. Let c be (-14)/(-6) - 10/(-15). Suppose -c*g + 6 = -g. Let f be (g - -1) + -2 - -1. What is b(f)?
-12
Let i(g) = -g**2 + 1. Suppose l + 3 = -2*l. Let q(b) = -b**2 + 9*b + 3. Let p(o) = l*q(o) + 2*i(o). What is p(-7)?
13
Suppose 3*n = -3*w + 6, -26 = 2*n + w - 5*w. Let x be 1/(3 + -1 + n). Let s(m) = 2*m - 2*m - 3*m. What is s(x)?
3
Let o(p) = -p**2 + p + 35. Let a be o(0). Suppose -6*r + 1 = -a. Let u(j) = -j + 2. Give u(r).
-4
Let n(r) = -3*r + 2. Let g(q) = -2*q**3. Suppose 0 = -l + 5*l + 4. Let u be g(l). Let b be 32/6 - u/6. Calculate n(b).
-13
Let q(m) = 1 + 7*m - 8*m + 0. Let s(l) = -l**2 + 3*l - 2. Let x(h) = q(h) - s(h). Determine x(3).
0
Let x(s) = -11*s**2 - 2*s + 1. Let w = 2 + -4. Let h be (-19)/(-3)*(-6)/w. Let o = h - 18. What is x(o)?
-12
Suppose 13 = 4*c - 15. Suppose z + 3 = 5*l, 2*z = -l - 2*l + c. Let j(p) = 7*p + 4 + p**2 - 5 + 0*p**z - 1. Determine j(-7).
-2
Let l(v) = -7*v**2 + 3*v - 5. Let r(a) = 2*a**2 - 3*a. Let p